{"id":64,"date":"2017-03-03T14:07:47","date_gmt":"2017-03-03T14:07:47","guid":{"rendered":"https:\/\/www.karate-thurgau.ch\/?page_id=64"},"modified":"2023-12-14T15:50:30","modified_gmt":"2023-12-14T15:50:30","slug":"kontakt","status":"publish","type":"page","link":"https:\/\/www.karate-thurgau.ch\/?page_id=64","title":{"rendered":"Kontakt"},"content":{"rendered":"\n<p><strong>Dojo<\/strong><br>T\u00f6sstalstrasse 14, 8360 Wallenwil<br>N 47 Grad 27,638 Minuten<br>E 8 Grad 57,128 Minuten<br>Eingang neben Sanit\u00e4r Szabo, es stehen gen\u00fcgend Gratis-Parkpl\u00e4tze zur Verf\u00fcgung<\/p>\n\n\n\n<p><strong>Postadresse<\/strong><br>Roland &amp; Manon M\u00f6tteli<br>Scherbenhofweg 5<br>8570 Weinfelden<\/p>\n\n\n\n<p><strong>Mail: info[at]karate-thurgau.ch<\/strong><\/p>\n\n\n\n<p>Tel: +41 (0) 71 910 13 30<br>Mobile: +41 (0) 76 681 37 37<\/p>\n\n\n\n\n\n<iframe src=\"https:\/\/www.google.com\/maps\/embed?pb=!1m18!1m12!1m3!1d2697.5019806020073!2d8.9521497!3d47.460646600000004!2m3!1f0!2f0!3f0!3m2!1i1024!2i768!4f13.1!3m3!1m2!1s0x479a94d10430e3b3%3A0x6904ec0fe54c677e!2sSHOZINDO%20Kampfkunstschule%20Wallenwil!5e0!3m2!1sde!2sch!4v1702568998532!5m2!1sde!2sch\" width=\"600\" height=\"450\" style=\"border:0;\" allowfullscreen=\"\" loading=\"lazy\" referrerpolicy=\"no-referrer-when-downgrade\"><\/iframe>\n","protected":false},"excerpt":{"rendered":"<p>DojoT\u00f6sstalstrasse 14, 8360 WallenwilN 47 Grad 27,638 MinutenE 8 Grad 57,128 MinutenEingang neben Sanit\u00e4r Szabo, es stehen gen\u00fcgend Gratis-Parkpl\u00e4tze zur Verf\u00fcgung PostadresseRoland &amp; Manon M\u00f6tteliScherbenhofweg 58570 Weinfelden Mail: info[at]karate-thurgau.ch Tel: +41 (0) 71 910 13 30Mobile: +41 (0) 76 681 37 37<\/p>\n","protected":false},"author":1,"featured_media":0,"parent":0,"menu_order":0,"comment_status":"closed","ping_status":"closed","template":"","meta":{"neve_meta_sidebar":"","neve_meta_container":"","neve_meta_enable_content_width":"","neve_meta_content_width":0,"neve_meta_title_alignment":"","neve_meta_author_avatar":"","neve_post_elements_order":"","neve_meta_disable_header":"","neve_meta_disable_footer":"","neve_meta_disable_title":"","ngg_post_thumbnail":0,"footnotes":""},"class_list":["post-64","page","type-page","status-publish","hentry"],"_links":{"self":[{"href":"https:\/\/www.karate-thurgau.ch\/index.php?rest_route=\/wp\/v2\/pages\/64","targetHints":{"allow":["GET"]}}],"collection":[{"href":"https:\/\/www.karate-thurgau.ch\/index.php?rest_route=\/wp\/v2\/pages"}],"about":[{"href":"https:\/\/www.karate-thurgau.ch\/index.php?rest_route=\/wp\/v2\/types\/page"}],"author":[{"embeddable":true,"href":"https:\/\/www.karate-thurgau.ch\/index.php?rest_route=\/wp\/v2\/users\/1"}],"replies":[{"embeddable":true,"href":"https:\/\/www.karate-thurgau.ch\/index.php?rest_route=%2Fwp%2Fv2%2Fcomments&post=64"}],"version-history":[{"count":17,"href":"https:\/\/www.karate-thurgau.ch\/index.php?rest_route=\/wp\/v2\/pages\/64\/revisions"}],"predecessor-version":[{"id":2724,"href":"https:\/\/www.karate-thurgau.ch\/index.php?rest_route=\/wp\/v2\/pages\/64\/revisions\/2724"}],"wp:attachment":[{"href":"https:\/\/www.karate-thurgau.ch\/index.php?rest_route=%2Fwp%2Fv2%2Fmedia&parent=64"}],"curies":[{"name":"wp","href":"https:\/\/api.w.org\/{rel}","templated":true}]}}

<p><strong>Dojo</strong><br>Tösstalstrasse 14, 8360 Wallenwil<br>N 47 Grad 27,638 Minuten<br>E 8 Grad 57,128 Minuten<br>Eingang neben Sanitär Szabo, es stehen genügend Gratis-Parkplätze zur Verfügung</p>



<p><strong>Postadresse</strong><br>Roland &amp; Manon Mötteli<br>Scherbenhofweg 5<br>8570 Weinfelden</p>



<p><strong>Mail: info[at]karate-thurgau.ch</strong></p>



<p>Tel: +41 (0) 71 910 13 30<br>Mobile: +41 (0) 76 681 37 37</p>





<iframe src="https://www.google.com/maps/embed?pb=!1m18!1m12!1m3!1d2697.5019806020073!2d8.9521497!3d47.460646600000004!2m3!1f0!2f0!3f0!3m2!1i1024!2i768!4f13.1!3m3!1m2!1s0x479a94d10430e3b3%3A0x6904ec0fe54c677e!2sSHOZINDO%20Kampfkunstschule%20Wallenwil!5e0!3m2!1sde!2sch!4v1702568998532!5m2!1sde!2sch" width="600" height="450" style="border:0;" allowfullscreen="" loading="lazy" referrerpolicy="no-referrer-when-downgrade"></iframe>

<p>DojoTösstalstrasse 14, 8360 WallenwilN 47 Grad 27,638 MinutenE 8 Grad 57,128 MinutenEingang neben Sanitär Szabo, es stehen genügend Gratis-Parkplätze zur Verfügung PostadresseRoland &amp; Manon MötteliScherbenhofweg 58570 Weinfelden Mail: info[at]karate-thurgau.ch Tel: +41 (0) 71 910 13 30Mobile: +41 (0) 76 681 37 37</p>
